o be x(-3). Suppose q - 34 - o = 0. What is the tens digit of q?
7
Let v = -2904 + 4793. What is the hundreds digit of v?
8
Let s = 1865 - -557. What is the hundreds digit of s?
4
Let k be 1/(-2) + 754/(-52). What is the units digit of (1422/k)/(4/(-10))?
7
Let b = 61 - 20. Suppose 0 = v - b - 81. What is the tens digit of v?
2
What is the units digit of (290/(-15))/(30/(-855))?
1
Let b(r) = -2*r - 18. Let a be b(-9). Suppose 6*p - 37 - 623 = a. What is the units digit of p?
0
Let x(d) = 100*d - 144. What is the units digit of x(2)?
6
Suppose 148961 - 35606 = 55*o. What is the units digit of o?
1
Let k(d) = d - 9. Let s be k(12). Suppose -2*t - 112 = -3*v, 0*v - 4*v = s*t - 172. Let w = v + 7. What is the tens digit of w?
4
Let j(y) = y**3 + 13*y**2 + 36*y + 29. Let g be j(-9). Let b = 25 + -47. Let t = b + g. What is the units digit of t?
7
Suppose -3*y = g + 98, 5*y = -2*g + g - 162. Let a = y - -80. What is the units digit of a?
8
Suppose -3*n + 2*t + 2096 = 2*n, -4*t = -4*n + 1672. What is the hundreds digit of n?
4
Suppose -3*b - 3*c + 161 = -5*c, -4*c + 188 = 4*b. Suppose 0 = 2*p - 10, 2*g + 8*p - b = 3*p. Suppose -4*f + g = -87. What is the tens digit of f?
2
What is the units digit of ((-32202)/(-24))/((-33)/(-88))?
8
Let u = 1053 - 498. What is the units digit of u?
5
What is the units digit of 11732/12 - (-4)/(-6)?
7
Let k(a) = 13*a - 14. Suppose 6 = 2*b - 5*h + 4, -h + 8 = b. Let d be k(b). Suppose -8*z + 408 = d. What is the tens digit of z?
4
Suppose 4 + 2 = -2*c. Let g = c + -1. What is the units digit of 10/(-2)*(g + 1)?
5
Suppose 5*q + 0*q - 3172 = -2*v, -4*q - 4*v = -2540. What is the hundreds digit of q?
6
Suppose a + 3*p - 10 = 0, -2*a + 5 - 21 = -3*p. Let r(f) be the second derivative of -11*f**3/3 + 28*f. What is the units digit of r(a)?
4
Suppose 5*s = -3*j + 1924, 0*s + 4*j - 1161 = -3*s. What is the units digit of s?
3
Let i be (-44)/8 + 1/(-2). Let g = -9 - i. What is the tens digit of -40*(g - 52/(-20))?
1
Suppose 2*u = 6*u + x - 1064, -4*u + 1064 = 4*x. Suppose -u = -4*f + 90. What is the units digit of f?
9
Let x be 4*2/(-12)*-3*2. What is the units digit of (8/2)/x + -2 + 18?
7
Suppose -5*k - 4*h = -h - 381, 3*k + 4*h - 222 = 0. Suppose -g - k = -3*g. What is the units digit of g?
9
Let c(z) = 8 - 20 - 12*z + 1 + 7. What is the tens digit of c(-6)?
6
Let d be (12/(-9))/(5/(-420)). Let m = d - 43. What is the units digit of m?
9
Suppose -11*o + o = 60. Let k be (1 + 3)*(-10)/(-4). Let x = o + k. What is the units digit of x?
4
Let g(f) = f - 17. Let y be g(13). Let a be -3 + 20/y + 0. Let j = 43 + a. What is the units digit of j?
5
Let l(r) = r**2 + 11*r + 7. Let w be l(-7). Let p = w - -21. Suppose p = -t - 3*t - 4*z + 56, -5*t + z + 52 = 0. What is the units digit of t?
1
Suppose 0 = 5*o + 15 - 25. Suppose 0 = -o*p - 7 + 95. What is the units digit of p?
4
Let s(u) = u**3 + 5*u**2 + 4*u. Let t be s(-4). Suppose 2*g + t*g = 18. What is the units digit of 110/g - (-2)/(-9)?
2
Let s(j) = -j**3 - 7*j**2 - 1. What is the tens digit of s(-10)?
9
Suppose -5*x = 5*f - 250, -5*x + 5*f = -3*x - 100. What is the tens digit of x?
5
Suppose -4*p - 5*i - 13 = 0, -5*p = 2*i + 2 - 7. Suppose -31 = r - 3*o + 2*o, 93 = -p*r + 2*o. Let h = 45 + r. What is the units digit of h?
4
Suppose 565 = 6*q - 359. Let x = -63 + q. What is the tens digit of x?
9
Suppose 0 = -2*i + 3*g + 1286, -12*i + 2*g = -7*i - 3226. What is the tens digit of i?
4
Let l = -120 - -224. Suppose 4*u - l + 12 = 0. Let q = 47 - u. What is the tens digit of q?
2
Let u(m) = 42*m - 236. What is the hundreds digit of u(39)?
4
Let y(f) = f**3 - 21*f**2 + 26*f - 28. Let u be y(20). Let v = 198 - u. What is the units digit of v?
6
Let v be 36/(24/14 - (12 - 10)). Let c = 130 + v. What is the units digit of c?
4
Let d(h) = -8*h**3 - 9*h**2 + 10*h - 3. What is the hundreds digit of d(-5)?
7
Suppose 24 = 4*p + 28. Let z(r) = -155*r - 4. What is the tens digit of z(p)?
5
Let x be -2*(-3 - -5) + 4*2. What is the units digit of 18/(-27)*(-42)/x?
7
Let r = -223 - -478. Suppose 445 = 10*q - r. What is the units digit of q?
0
Suppose 4*c = -14 + 54. Suppose -9*f = -7*f - c. Suppose 3*x = f*r - 112, 2*x = 5*r - 0*x - 108. What is the units digit of r?
0
Let x(n) = 146*n**2 + 21*n - 107. What is the units digit of x(5)?
8
What is the tens digit of ((-1728)/(-135))/((-1)/(-30))?
8
Suppose -2*u - 4*m = -500, 4*u + 3*m + 153 = 1178. What is the hundreds digit of u?
2
Suppose 5*p + 30 = -0*p. Let q be (26 + 2)*22/8. What is the tens digit of p/15 + q/5?
1
Suppose 331*v = 327*v + 20. Let c(m) = 0*m + 2*m + 5 + 0*m. What is the tens digit of c(v)?
1
Suppose k + 0 = -33. Let h = k - 10. Let u = 84 + h. What is the units digit of u?
1
Suppose -4*q = q. Let z(m) be the first derivative of -m**2/2 + 23*m - 35. What is the units digit of z(q)?
3
Let a = 60 - 35. Suppose -a*n + 30*n - 390 = 0. What is the units digit of n?
8
Suppose -66 + 9 = -3*z. Suppose -11*y - 12 = -12*y. Let v = y + z. What is the units digit of v?
1
Let z = -12 - -12. Suppose z = l - 5*l + 300. Let v = 107 - l. What is the tens digit of v?
3
Let y(h) = 13*h**2 - 8*h + 2. What is the units digit of y(-5)?
7
Let m(x) = x**3 - 14*x**2 + 2*x - 33. Let q be m(14). Let y(j) = j**3 + 12*j**2 + j + 10. What is the tens digit of y(q)?
8
Suppose u + 1 = 5*s + 4*u, 4*s - 3*u = -10. Let c(n) = 12*n**2 + 33*n**2 - 11*n**2 - 2 - 2*n. What is the tens digit of c(s)?
3
Suppose 2 = -x - 7. Let d be (-8)/(-6)*x/(-6). Suppose 2*n - 79 = -5*z, 5*z - d*n = -5*n + 76. What is the tens digit of z?
1
Let o(r) = r**3 + 5*r**2 - 8*r - 9. Let u be o(-6). Suppose -u*n + 514 = 2*v, v + n = -3*n + 262. What is the units digit of (-5)/(-20) - v/(-8)?
2
Let o(n) = -12*n**2 + 2*n + 3 + 85*n**2 + 0. What is the tens digit of o(-1)?
7
Let j = -15 + 25. Let z(h) = -12*h**3 + 2*h**2 - 2*h + 2. Let p be z(1). What is the units digit of j/(-25) - 164/p?
6
Let j(o) = 26*o**2 + o + 4. Let f be j(-2). Suppose -111*w + f*w + 1350 = 0. What is the units digit of w?
0
Suppose l = 2*l - 13. Let z = -8 + l. Suppose z*o - 120 = -45. What is the units digit of o?
5
Let n(s) = -s**3 - 2*s**2 + 23*s - 3. Let l be n(-6). Suppose 0 = -4*o - l*i + 71, -2*o = -o + 5*i - 22. What is the units digit of o?
7
Suppose -1376 + 4 = -3*n - 2*a, n = 5*a + 463. What is the tens digit of n?
5
Let i be (-1)/(15/4 + -4). Suppose -3*r = a - 110, -r - i*a - 78 = -3*r. What is the tens digit of r?
3
What is the units digit of 9/(-6)*1192/(-6)?
8
Let x(k) = 2*k**3 - k + 529. What is the units digit of x(0)?
9
Let o(y) be the first derivative of -4 + 5/3*y**3 + y**2 + 0*y. What is the tens digit of o(-2)?
1
Let s(d) = -7*d - 12. Suppose n - 3*b = 3*n - 68, -5*b - 102 = -3*n. Suppose 7*k + 29 = -n. What is the units digit of s(k)?
1
Suppose -3*r = 4*v - 23799 + 7289, 5*v - 5*r - 20620 = 0. Suppose 13*i - v = -1448. What is the tens digit of i?
0
Suppose 5*u + o = 4, 5*o = 3*u + 15 + 5. Let l = 3 + u. What is the units digit of l?
3
Suppose 0 = 5*y - 3*y + 166. Let q = 58 + y. Let f = -8 - q. What is the units digit of f?
7
Let n(q) be the third derivative of -q**4/4 - 17*q**3/6 + 23*q**2. What is the hundreds digit of n(-21)?
1
Suppose -5*j + 5*v = 0, 3*j - j + 5*v = -7. What is the tens digit of j - 1 - (-117)/6*2?
3
Suppose -7*b - 1046 = -4588. What is the tens digit of b?
0
Let j(a) be the second derivative of a**4/12 + 2*a**3/3 + 3*a**2/2 - 3*a. Let n be j(-5). What is the units digit of 24 + n/(1 - -3)?
6
Suppose 0 = -6*i + 3523 + 5693. What is the thousands digit of i?
1
Let y(d) = -6*d + 17*d + 4 - 6*d + 22*d**2. What is the tens digit of y(-2)?
8
Let g(z) = z**2 - 12*z + 23. Let h be g(13). Suppose -s = 5*b - 133, 0 = 3*b + 2*s - 41 - h. What is the tens digit of b?
2
Let c be -21*(2 - 32/12). Let a be (c/(-4))/7*-88. Suppose -5*u = -1 - a. What is the units digit of u?
9
Let r(l) = l**3 - 15*l**2 + 14*l + 2. Let h be r(14). Suppose 3*v - 4*x - 30 = -x, 0 = -h*v - x + 5. Suppose v*n - 18 = 32. What is the units digit of n?
0
Suppose -4*f = -15 - 1. Suppose 0*g - 5*h - 312 = -2*g, 0 = -4*g - f*h + 624. What is the units digit of ((-3)/(-2))/(18/g)?
3
Suppose 5*x - 3*o = 20532, -x - 2*o = -o - 4108. What is the units digit of x?
7
Let n(d) = -381*d**3 - 4*d**2 - 4*d. What is the tho